{"id":284,"date":"2022-05-23T11:57:19","date_gmt":"2022-05-23T09:57:19","guid":{"rendered":"\/blog\/?page_id=284"},"modified":"2025-01-02T16:25:40","modified_gmt":"2025-01-02T15:25:40","slug":"adalimumab-humira","status":"publish","type":"page","link":"\/blog\/traitements\/adalimumab-humira\/","title":{"rendered":"Adalimumab (Humira) 2016-2017"},"content":{"rendered":"\n<div class=\"wp-block-image\"><figure class=\"alignleft size-full\"><img loading=\"lazy\" decoding=\"async\" width=\"450\" height=\"410\" src=\"\/blog\/wp-content\/uploads\/2022\/05\/Humira-side-effects.jpg\" alt=\"\" class=\"wp-image-285\" srcset=\"\/blog\/wp-content\/uploads\/2022\/05\/Humira-side-effects.jpg 450w, \/blog\/wp-content\/uploads\/2022\/05\/Humira-side-effects-300x273.jpg 300w\" sizes=\"auto, (max-width: 450px) 100vw, 450px\" \/><\/figure><\/div>\n\n\n\n<p>L\u2019adalimumab agit en inhibant une prot\u00e9ine produite en exc\u00e8s au cours de la maladie de Crohn, le TNF\u03b1.<br>Le TNF\u03b1 est produit par les cellules de l\u2019organisme et favorise l\u2019inflammation, en participant \u00e0 la lutte contre certaines infections.<br>L\u2019adalimumab est&nbsp;<strong>un anticorps monoclonal<\/strong>, c&rsquo;est-\u00e0-dire une mol\u00e9cule tr\u00e8s cibl\u00e9e, produite gr\u00e2ce \u00e0 la biotechnologie pour neutraliser de fa\u00e7on sp\u00e9cifique le TNF\u03b1.<br>On utilise pour sa synth\u00e8se des cellules isol\u00e9es d\u2019origine humaine et cet anticorps est humanis\u00e9 \u00e0 100%.<br>Lorsque l\u2019on effectue une injection d\u2019adalimumab, celui-ci reste pr\u00e9sent dans l\u2019organisme pendant 2 \u00e0 3 mois avant d\u2019\u00eatre d\u00e9truit.<br>L\u2019adalimumab fait partie de la famille des traitements anti-TNF, comme l\u2019infliximab (R\u00e9micade\u00ae, Inflectra\u00ae, Remsima\u00ae).<\/p>\n\n\n\n<p>Au cours des maladies inflammatoires chroniques de l\u2019intestin, l\u2019adalimumab a d\u00e9montr\u00e9 son efficacit\u00e9 par plusieurs \u00e9tudes le comparant au placebo (m\u00e9dicament inerte).&nbsp;<br><strong>Il a obtenu une autorisation de mise sur le march\u00e9 (AMM) dans la maladie de Crohn en France en 2007 et dans la RCH en 2012<\/strong>.<\/p>\n\n\n\n<p>Il a ainsi \u00e9t\u00e9 \u00e9tabli que l\u2019adalimumab \u00e9tait efficace :<br><strong>Chez les patients adultes&nbsp;:<\/strong><\/p>\n\n\n\n<ul class=\"wp-block-list\"><li>en cas de pouss\u00e9e mod\u00e9r\u00e9e \u00e0 s\u00e9v\u00e8re de maladie de Crohn, en d\u00e9pit de l\u2019utilisation des cortico\u00efdes et d\u2019un immunosuppresseur (ou en cas d\u2019impossibilit\u00e9 de recourir \u00e0 ces m\u00e9dicaments du fait d\u2019effets secondaires),<\/li><li>en cas de pouss\u00e9e de maladie de Crohn survenant chez un malade ant\u00e9rieurement trait\u00e9 avec succ\u00e8s par infliximab, lorsque ce traitement est devenu inefficace ou mal support\u00e9,<\/li><li>en traitement de fond de la maladie de Crohn, pour \u00e9viter la rechute, apr\u00e8s que le traitement initial (induction) par adalimumab ait \u00e9t\u00e9 efficace.<\/li><li>en cas de pouss\u00e9e mod\u00e9r\u00e9e ou s\u00e9v\u00e8re de rectocolite h\u00e9morragique, en d\u00e9pit d\u2019un traitement par cortico\u00efdes et par immunosuppresseurs, ou chez lesquels ces traitements sont mal tol\u00e9r\u00e9s ou contre-indiqu\u00e9s.<\/li><\/ul>\n\n\n\n<p><strong>Chez les enfants et les adolescents de 6 \u00e0 17 ans :<\/strong><\/p>\n\n\n\n<ul class=\"wp-block-list\"><li>en cas de pouss\u00e9e s\u00e9v\u00e8re de maladie de Crohn, non contr\u00f4l\u00e9e malgr\u00e9 l\u2019utilisation des cortico\u00efdes, d\u2019un immunosuppresseur et d\u2019un traitement nutritionnel, ou chez lesquels ces traitements sont mal tol\u00e9r\u00e9s ou contre-indiqu\u00e9s.<\/li><\/ul>\n\n\n\n<p>L\u2019adalimumab a obtenu d\u2019autres AMM, pour des maladies rhumatologiques inflammatoires chroniques (la polyarthrite rhumato\u00efde, la spondylarthrite ankylosante, le rhumatisme psoriasique et l\u2019arthrite juv\u00e9nile idiopathique) et pour le psoriasis cutan\u00e9.<\/p>\n","protected":false},"excerpt":{"rendered":"<p>L\u2019adalimumab agit en inhibant une prot\u00e9ine produite en exc\u00e8s au cours de la maladie de Crohn, le TNF\u03b1.Le TNF\u03b1 est produit par les cellules de<\/p>\n","protected":false},"author":1,"featured_media":0,"parent":278,"menu_order":2,"comment_status":"closed","ping_status":"closed","template":"","meta":{"footnotes":""},"class_list":["post-284","page","type-page","status-publish","hentry"],"_links":{"self":[{"href":"\/blog\/wp-json\/wp\/v2\/pages\/284","targetHints":{"allow":["GET"]}}],"collection":[{"href":"\/blog\/wp-json\/wp\/v2\/pages"}],"about":[{"href":"\/blog\/wp-json\/wp\/v2\/types\/page"}],"author":[{"embeddable":true,"href":"\/blog\/wp-json\/wp\/v2\/users\/1"}],"replies":[{"embeddable":true,"href":"\/blog\/wp-json\/wp\/v2\/comments?post=284"}],"version-history":[{"count":2,"href":"\/blog\/wp-json\/wp\/v2\/pages\/284\/revisions"}],"predecessor-version":[{"id":346,"href":"\/blog\/wp-json\/wp\/v2\/pages\/284\/revisions\/346"}],"up":[{"embeddable":true,"href":"\/blog\/wp-json\/wp\/v2\/pages\/278"}],"wp:attachment":[{"href":"\/blog\/wp-json\/wp\/v2\/media?parent=284"}],"curies":[{"name":"wp","href":"https:\/\/api.w.org\/{rel}","templated":true}]}}